u = 0, -r + 5*d + 4 = 11. Suppose -2*i + 25 = r*i. What are the prime factors of i?
5
Let i(u) = -u**2 - 6*u. Suppose -7 = 3*o - z, -2*o + 0*o = 5*z + 16. List the prime factors of i(o).
3
Let a(p) be the first derivative of p**2/2 + 13*p - 5. What are the prime factors of a(-6)?
7
Let b be ((-8)/10)/((-2)/5). Suppose -5*j = -b*p + 53, -p - 5*j - 82 = -4*p. What are the prime factors of p?
29
Suppose 0 = -0*u - 6*u + 732. List the prime factors of u.
2, 61
Let i = 34 + -9. What are the prime factors of i?
5
Suppose -2*h = 3*w - 186, -w - 5*h + 305 = 4*w. Let t = 94 - w. List the prime factors of t.
2, 3, 5
Let r(h) = -h**3 + 7*h**2 - 5*h + 2. Let v be r(5). Suppose -3*a + z + 2*z = -v, -3*z - 40 = -4*a. What are the prime factors of a?
13
Let n(q) = -q**3 - q + 6. Let z(w) = -w**3 + w**2 + 1. Let y(c) = n(c) - 2*z(c). Let a be 42/15 - 2/(-10). What are the prime factors of y(a)?
2, 5
Suppose 2*y = -2*y + 12. Suppose b = 2*h + 14, 2*b + 4 = -h - y*h. List the prime factors of b.
2, 3
Let d(p) = p**3 - 5*p**2 + 2*p. Let w be d(4). List the prime factors of (4/w)/((-1)/20).
2, 5
Suppose -624 = 4*l - 17*l. What are the prime factors of l?
2, 3
Suppose -2*v = -v - 4. Let i = v - 2. List the prime factors of i.
2
Let f = 19 + 25. What are the prime factors of f?
2, 11
Let l(y) = 2*y**2 + 17*y - 5. List the prime factors of l(-13).
2, 7
Let n(m) = m**3 + 7*m**2 - 2*m - 7. Let c be n(-7). Let p(f) = f**2 - 7*f + 9. What are the prime factors of p(c)?
3
Let g = -6 + 6. Let h be (-3 + 0 - -2)*0. Suppose -4*n + h + 12 = g. List the prime factors of n.
3
Suppose -2 = v - 1. What are the prime factors of (v + 3)*33/6?
11
Let b(n) = n**2 - 5*n + 2. Let p be b(3). List the prime factors of (3/p)/(1/(-24)).
2, 3
Let a be -35 + (4/(-2))/1. Let r = a - -62. What are the prime factors of r?
5
Let y(i) = 4*i**2 + 2*i + 1. Let u be y(-1). Let x = 5 + u. List the prime factors of x.
2
Suppose 12*u - 19*u = -1253. List the prime factors of u.
179
Let v(k) = k**2 + 7*k. Suppose -5*a - 29 = 11. List the prime factors of v(a).
2
Let j(a) = -8*a + 3. Let x(m) = -m + 1. Let w(n) = -j(n) + 6*x(n). List the prime factors of w(5).
13
Suppose 7 - 17 = -d. Let x = 14 - d. Suppose 2 - 38 = -x*p. What are the prime factors of p?
3
Suppose -2*c + 10 = 2*q, q - 4*c - 61 = -4*q. Let g = q + -6. Suppose -g*m - 2*m = -40. List the prime factors of m.
2
Let j be 0*3/12*2. Let o be (-9)/2 - 2/(-4). What are the prime factors of o/(-10)*(j + 20)?
2
Let q = 3 - 1. Suppose 0 = j - 6 + q. List the prime factors of j.
2
Suppose -3*k - 5 = 13. List the prime factors of ((-3)/k)/((-2)/(-48)).
2, 3
Let o = -97 - -140. List the prime factors of o.
43
Let v = -6 + 9. Suppose 3*s + 1 = 4, v*d - 29 = s. Suppose 0*t = t - d. What are the prime factors of t?
2, 5
Let a be ((-3)/(-6)*4)/1. Suppose -o - 17 = -4*p, a*p + 14 = -4*o - 0*o. What are the prime factors of (-82)/(-6) + (-2)/p?
13
Let u(j) = 11*j**2 + 2*j - 1. What are the prime factors of u(-2)?
3, 13
Let f be (2 - (-24)/(-10))*-30. List the prime factors of 1/(-6) - (-110)/f.
3
Let s = 45 + -26. List the prime factors of s.
19
Suppose c + c = 10. Suppose -7 = -4*u - 5*m, c*u - 3*m = m + 19. Suppose -13 + 1 = -u*g. What are the prime factors of g?
2
What are the prime factors of -7*(1 + -2 + 0)?
7
Let g(o) = o**2 - 6*o - 6. What are the prime factors of g(-3)?
3, 7
Suppose -17*r + 12*r = -630. Let a = r - 89. What are the prime factors of a?
37
Let j(k) = -7*k + 13. Let r be j(-11). Suppose -4*q + 3*v = -r, -4*v - 6 - 2 = 0. Let g = q - 8. List the prime factors of g.
13
Let k(y) = y**3 + 8*y**2 + 9*y + 1. Let g be (-6)/4 - (-116)/8. Suppose 17 = -4*w + 2*w - f, 5*f + g = 2*w. List the prime factors of k(w).
19
Let c(j) = -j**3 + 5*j**2 - 4*j + 2. Let f be c(2). Let z be 5 + 0 + -6 + f. Suppose z*t = 3*g - 46, -7*g + 2*g = t - 58. List the prime factors of g.
2, 3
Let h = 14 - 38. What are the prime factors of h/(-9) - (-1)/3?
3
Let l(k) = k + 6. Let y be l(-6). Suppose y*h = 3*r + h - 25, 5*r + 5*h - 55 = 0. What are the prime factors of r?
7
Let k(w) = w**3 + 6*w**2 - w - 5. Let s be k(-5). Let m = -18 + s. List the prime factors of m.
7
Let v be (4 + -2)*-5*1/2. Let s = -20 - -43. Let z = v + s. List the prime factors of z.
2, 3
Let y(l) = 22*l - 99. What are the prime factors of y(5)?
11
Suppose -3*h + 351 = -462. What are the prime factors of h?
271
Suppose 3*q - 5*s = 18, s = -2*q - 2*q + 24. Let b(c) = 4*c - 2. List the prime factors of b(q).
2, 11
Let t be -1 + (-1)/((-1)/13). Suppose u - 71 = -5*m + m, 5*u = 4*m - 101. Let i = m - t. What are the prime factors of i?
7
Let b(s) = 6*s - 3. Let y be b(3). List the prime factors of (-2624)/(-120) - (-2)/y.
2, 11
Let x be (-12)/(-8)*-2 + -18. Let o = x - -33. List the prime factors of o.
2, 3
Let c(n) = n**2 + 11*n - 9. List the prime factors of c(-13).
17
Let q be (1 + 6)/((-2)/(-22)). Let w = q - 51. What are the prime factors of w?
2, 13
Let g be 72/(-15)*(-30)/4. Suppose 0 = -2*t + g - 8. List the prime factors of t.
2, 7
Let f(o) = o**3 + 11*o**2 + 9*o + 7. Suppose 5*v - 2*q + 54 = 0, 4*q - 8 = -0*q. What are the prime factors of f(v)?
17
Let r = 225 - 49. What are the prime factors of r?
2, 11
Let j = 82 + 237. List the prime factors of j.
11, 29
Let y = -7 - -7. Suppose q = 5*l - 7, -3*q + 3*l - 2*l - 21 = y. Let u = q + 21. What are the prime factors of u?
2, 7
Suppose 2*h + g - 4*g + 26 = 0, 8 = 2*g. Let b(x) = x**2 + 2*x - 8. What are the prime factors of b(h)?
3
Let r = 23 - 12. Let p = 18 - r. List the prime factors of p.
7
Suppose -10*c = -6*c - 8. Suppose -3*k + 2*k + 2 = -5*x, -6 = -c*x. List the prime factors of k.
17
Suppose -g - 4*m = -9 - 2, -4*g = 4*m - 20. Suppose -l = 4*o + 1, -g*o + 2*o - 3*l = 3. Suppose -4*c + 2*c + 20 = o. List the prime factors of c.
2, 5
Suppose -2*x + 2*z + 700 = z, 4*x - 5*z - 1394 = 0. List the prime factors of x.
3, 13
Let o(v) = v**2 - 8*v + 2. Let m be o(8). Suppose -6*n = -m*n - 144. Suppose -n = -5*h + 14. List the prime factors of h.
2, 5
Let k(t) = t**2 - 3*t - 8. Let l be k(5). List the prime factors of 143/4 + l/8.
2, 3
Suppose -4*d = -38 - 102. What are the prime factors of d?
5, 7
Let r = 40 + -19. Let m = 19 - 42. List the prime factors of (-6)/r - m/7.
3
Let d(o) = -1 + 2*o + 12 - 2*o + 2*o. Let w be d(8). Let u = -15 + w. List the prime factors of u.
2, 3
Let a(s) = -s**2 - 6*s - 1. Let g be a(-6). Let o = g - -3. What are the prime factors of o?
2
What are the prime factors of (-3)/((-4)/(-64)*-3)?
2
Suppose 0 = 4*j - 5*i - 20 - 84, 0 = -2*i. What are the prime factors of j?
2, 13
Suppose 5*l + 20 = 0, -3*y + 32 = -y + 4*l. Suppose 2*w - 90 = -y. What are the prime factors of w?
3, 11
Let o be -2*(3 - 7 - -1). What are the prime factors of 3/(-9) + 158/o?
2, 13
Let f be (2 - 1)/((-1)/9). Let p(q) = -q**2 - 9*q + 9. What are the prime factors of p(f)?
3
Suppose -3*n + 3 = -q + 4*q, 4*n = q + 14. What are the prime factors of (q - -6)*7 - -1?
29
Let q = 9 + -18. Let c be 3 - 0/(q/(-3)). Suppose 0*p + 25 = 2*p - i, -c*p - 3*i + 15 = 0. List the prime factors of p.
2, 5
Suppose 1 = y - 1. Suppose 0*n - y*n = 0. Suppose 2*c + s - 3 - 14 = n, 2*c - 5*s = 47. List the prime factors of c.
11
Suppose 176 = 5*c - 184. List the prime factors of c.
2, 3
Suppose 2*n - 4*n + 18 = 0. What are the prime factors of 6/(-12) - n/(-2)?
2
Suppose -w + 6*w = 4*n + 20, 3*n = 3*w - 15. Let m(h) be the first derivative of h**3/3 + 2*h**2 - 3*h - 1. List the prime factors of m(n).
2
Let r = -13 + 15. Suppose -r*q = 2*l - 18, 2*l = 4*q - 0*l - 42. List the prime factors of q.
2, 5
Suppose -5*g - 19 = z - 7, -2*z + 12 = -2*g. Suppose -z*h + 60 = 2*h. Suppose 7*a - h = 3*a. What are the prime factors of a?
3
Let l be -2 + 2 + 2 + 2. Suppose 3*x - l = 50. List the prime factors of x.
2, 3
Let v(n) = -n**2 - 12*n - 7. Let x be v(-12). Let p = x - -22. List the prime factors of p.
3, 5
Let o be (-25)/4*(-9 + 5). Suppose 10 = -5*t + o. Suppose 0 = -a + 2*a - t. What are the prime factors of a?
3
Let r be 14 - (0/4 - 3). Suppose t - 10 = r. What are the prime factors of t?
3
Suppose a - 207 = 13. List the prime factors of a.
2, 5, 11
What are the prime factors of 12/9*285/10?
2, 19
Suppose -21*d + 15*d + 558 = 0. List the prime factors of d.
3, 31
Let b